*q**3 + 4*q**2 + 4*q + 5. Let p(w) = -w**3 + w**2 + w + 1. Let i(g) = 2*b(g) - 9*p(g). Let h be i(1). Is 297 - 2 - (h - 0) prime?
False
Let l be (10/6)/((-5)/(-15)). Let g(v) = 7*v**3 - 2*v - l*v**3 - v**2 - 5 + 1. Is g(3) a prime number?
False
Let c be (-1 + 0 + 1)*1. Suppose 0 = -c*k - 5*k. Suppose 4*p + k*p - 1972 = 0. Is p composite?
True
Suppose 3*j = u + 27, 5*u - j = -0*j - 65. Let m = -12 - u. Suppose -w - 4*w + 1055 = m. Is w a composite number?
False
Let z = 2626 - -6787. Is z a composite number?
False
Let d(w) = w**3 - w**2 - 6*w + 5. Let r = 11 + -8. Let m be d(r). Suppose -5*s - z + 1050 = 0, m*s + 696 - 1756 = z. Is s a composite number?
False
Let w(p) = 4*p**2 + 29*p + 134. Is w(-29) prime?
True
Let z = -3768 + 11017. Is z a composite number?
True
Suppose 2*i - 6 = 6. Let s(d) = i - 2 + d**2 - 2 + 5. Is s(8) a prime number?
True
Let o(v) = -v**3 - 9*v**2 - 8*v - 6. Let w be -11 + 6 + 0 + -3. Let s be o(w). Let r = 121 - s. Is r composite?
False
Let n(g) = -10*g + 6. Let z be n(7). Let k = -46 - z. Suppose 2*u + k = 524. Is u a prime number?
False
Let a(z) = -8*z - 15. Let q(l) = 4*l + 5*l**2 - 27 + 23 - 2*l + 2*l**3 - l**3. Let t be q(-5). Is a(t) a prime number?
True
Let t be ((-2)/3)/(4/5652). Let d = -311 - t. Is d a composite number?
False
Let t(c) = -6*c**2 - 21*c - 39. Let m be (12/(-5))/(30/200). Let d be t(m). Let s = d + 2128. Is s composite?
True
Let r = 152 + -150. Let g be -10*(2/(-5))/1. Suppose 5*j = x + 79, -r*j + 4*x = -g*j + 14. Is j a prime number?
False
Let m(p) = -p**3 - p**2 - p - 3. Suppose -3*l + n = 2*n - 5, -4*l - 20 = -4*n. Let q be m(l). Is ((-58)/6 + -2)*q composite?
True
Let m = 1874 + 227. Is m prime?
False
Let b = -10 + 18. Let y(j) = -j**3 + 8*j**2 + 2*j - 12. Let s be y(b). Suppose 0 = 3*d + s*v - 2455, -d + 1640 = d + v. Is d prime?
True
Suppose 600*u = 591*u + 38943. Is u a prime number?
True
Suppose -3*n + 3 = 4*v, -3*v - 6*n + 4*n + 2 = 0. Let l = 3 + v. Suppose 4*k + 4*r - 322 = r, 5*k + l*r = 401. Is k composite?
False
Suppose a = -a + 614. Let h(s) = 5*s**3 + 4*s**2 - 11*s + 20. Let f be h(3). Let o = a - f. Is o prime?
True
Let a(i) = -19*i**2 - 3*i + 1. Let n be a(-5). Let x be (n/15)/((-1)/5). Suppose 2*h + 5*s - 4 = 70, -x = -3*h + 3*s. Is h composite?
False
Let c be (-6 + 2)/(18/(-369)). Is (-3)/(1*(-3)/c) composite?
True
Suppose 0 = 5*g - 0*g - q - 8767, -2*q = 4. Is g a prime number?
True
Suppose f - 5 = -3*s - 0*s, 4*f = 5*s + 20. Suppose 4*i - 3*i - 82 = -5*u, 4*u + 2*i - 68 = s. Suppose 53 = h + u. Is h composite?
False
Let q(k) = 183*k**2 + 5*k + 43. Is q(-5) a composite number?
True
Suppose -j - 14 = 2*m + 2, 0 = -2*j. Let h be (-188)/(-6)*(-12)/m. Suppose 0*c - c = -h. Is c a prime number?
True
Suppose -27*o + 595 = -22*o. Is o a prime number?
False
Let c be (3 - (1 + 0))*-10. Is c/5 + 3 - -268 a prime number?
False
Suppose -3*g = -3*z + 84, 0*g = -g - 5*z - 28. Is (-7)/(g/12) + 368 a prime number?
False
Suppose -r = 3*k - 1286, -6*r - 450 = -k - r. Suppose -h + 57 = -k. Is h a composite number?
False
Is 1*((-4040)/(-6) - (-4)/(-12)) a composite number?
False
Suppose -627 = 5*k + 2*j, -5*k - 6*j - 630 = -j. Let u = k - -423. Is u composite?
True
Suppose -62710 = -5*l + f, -11*l - 2*f = -7*l - 50168. Is l a prime number?
False
Let k = 74 + -50. Let j(c) = 2*c**2 - 3*c - 37. Is j(k) a prime number?
False
Suppose -2*k + 60 = -7*k. Let i(s) = -4*s - 29. Is i(k) prime?
True
Suppose 5*a - 9 = -s, -9 = -3*a - 0*a. Let w be 10/8 + s/(-8). Is 2 + 21 + (2 - w) a composite number?
False
Let z(v) = -v**2 + 4*v + 1. Let l be z(4). Let o(n) = 34*n + 3. Is o(l) a prime number?
True
Let o(q) = 14*q**2 + 33*q + 9. Is o(32) prime?
True
Let f(q) = 12 - 16*q - 4 - 10. Let s be f(-4). Suppose s + 11 = 3*w - 4*d, -d = -5. Is w a composite number?
False
Let l = 43 + -40. Let d(n) = 27*n**2 + 3*n + 1. Is d(l) a composite number?
True
Let v = -7 + 11. Let n(a) = 24*a + 975. Let d be n(0). Suppose v*z = d + 949. Is z composite?
True
Let c(y) = -y**2 + 20*y + 49. Let r be c(22). Suppose -3*x + 1812 = -r*j, -x + 0*x + 614 = -5*j. Is x a prime number?
True
Let m = -2557 + 6266. Is m a prime number?
True
Suppose 50*z - 2931254 = -32*z. Is z a composite number?
False
Suppose -4*u - 11457 = 3*s - 61297, 3*s - 62297 = -5*u. Is u a prime number?
True
Let d = 28 - 25. Suppose 4*r - 3 = 9, 4*r = d*m + 15954. Is m/(-12) - 9/(-54) prime?
True
Suppose 2*q + 15 = -3*q. Is (-1)/((-5)/(q - -1658)) prime?
True
Suppose 0 = -13*i + 48764 + 52155. Is i composite?
True
Let z be (-2)/8 + 12/(-16). Let p be (-1 + (1 - 1490))/z. Suppose 6*d - p = d. Is d a composite number?
True
Suppose o - 2 = -o - 2*x, -2*o + 5*x + 16 = 0. Let m(c) = 0*c**2 - 38 + 42 - o*c - c**2 + 2*c**2. Is m(-6) composite?
True
Let t(c) = 27*c + 1006. Is t(59) a prime number?
False
Suppose 0 = -4*d - j - 154 + 3133, -3*d + 4*j = -2258. Suppose 3*n - 2*w = -0*w + 751, -3*n = -w - d. Is n a prime number?
False
Let w be (-14)/(-42) + (-9100)/3. Let j = -2054 - w. Is j composite?
True
Let b be ((-3)/(-2) + 1)*2. Suppose t + 2 = b. Is 1172/(-16)*(-12)/t composite?
False
Let b(d) = 684*d**3 - d**2 + d + 1. Let o(k) = -k + 16. Let z be o(15). Is b(z) composite?
True
Let a = -51 - -63. Is 10419/4 + 3/a composite?
True
Let t(p) be the second derivative of -5*p**3/6 - p. Let m be t(-1). Suppose m*a + 11 = 421. Is a prime?
False
Let u(n) = -n**2 + n - 2. Let k be u(0). Let q be 26/(-13)*k/4. Is 670/5 - (q - -2) a prime number?
True
Let r(o) = 39*o**3 + 3*o**2 + 11*o + 12. Is r(7) a prime number?
True
Let q be -4*(3 + 20/(-8)). Let o be (-9 + 11)*(-1 - q). Suppose o*p - 5*p + 822 = 0. Is p composite?
True
Suppose -1 = l - 3*v, 4*l = v + 4 + 3. Let u(t) = 9*t + l + 0 - 6 + 2. Is u(9) prime?
True
Suppose 0 = v - 2*s - 548, 0 = v - 5*v + s + 2178. Let l = -799 - v. Let w = 50 - l. Is w a prime number?
False
Let f(r) = -r**3 + 9*r**2 + 11*r - 16. Let q be f(8). Suppose 3*c + 2*b + 3 - 5 = 0, -3*b + 3 = 0. Suppose c = -3*k + 799 - q. Is k a prime number?
False
Suppose 2*y - 3*z - 7 = 0, z = 4*y - 0*y - 9. Suppose 2*m + 3*r - 262 = 0, y*m - r - 241 = 21. Suppose 0*p = p - m. Is p a composite number?
False
Suppose -2*d = -4*n - 0*n + 4, n - 26 = 3*d. Is (-13)/3*(d + -83) composite?
True
Let y = 91 + 73. Suppose 4*d - 852 + y = 0. Let c = d - -39. Is c a prime number?
True
Let k(m) = 163*m + 450. Is k(41) prime?
False
Suppose 0 = 11*n - 5*n - 205710. Is n prime?
False
Let c(t) = -8385*t + 81. Let a(f) = -524*f + 5. Let k(r) = 33*a(r) - 2*c(r). Let v be k(-1). Suppose -v = -2*w + 233. Is w prime?
True
Is 2661*((-637)/(-105) + 2/(-5)) prime?
False
Suppose 4*g - 8375 - 4717 = -a, a = -3*g + 9819. Is g a prime number?
False
Let t(f) = -1 + 0 + 1 - 1 + 8*f. Suppose 0*v - 2*v = -6. Is t(v) composite?
False
Let r = 728 - -1467. Let f = -1447 + r. Suppose -3*a + 0*z = -z - 758, 3*a + z = f. Is a a composite number?
False
Let n be 26*4/8*-1. Let c = n + 23. Is c/25 - (-786)/10 prime?
True
Let c = -2818 + 4304. Let m = c + -807. Is m a composite number?
True
Let n = -26 - -23. Is (-1 - n/6)/((-1)/182) prime?
False
Suppose -16*s + 20*s - 12 = 0. Is 756 + s*(-1)/3 a composite number?
True
Let v = 92 + -41. Suppose x - 28 = v. Is x a composite number?
False
Let f(a) = -31*a**3 - 4*a**2 - 9*a - 3. Let r be f(-2). Let d(i) = -119*i - 1. Let k be d(1). Let g = k + r. Is g prime?
True
Let h(p) = -85*p**3 - 11*p**2 - 49*p - 13. Is h(-10) prime?
True
Let h(v) = -2*v**2 + 14*v + 23. Let r(a) = -3*a**2 + 21*a + 35. Let q(u) = -8*h(u) + 5*r(u). Is q(-4) a composite number?
True
Suppose -3 = -x + 4*b, -5*x + 2*b - 77 = 5*b. Let i = x - -15. Is (13 + -50)/((-1)/i) composite?
True
Suppose 4*x + 2*v - 12 = -0*x, -4*v - 8 = 0. Let u(o) = 2*o + 48. Let t be u(-22). Suppose 4*h - 161 - 63 = -t*k, -x*k - 5*h = -221. Is k a composite number?
False
Let b = -40 - -279. Suppose -3*c + 199 = 3*s - b, -2*s - 288 = -2*c. Is c a composite number?
True
Let r(n) = -13984*n - 173. Is r(-4) a composite number?
False
Suppose 3*y + 0*y + 15 = 4*s, s = 0. Let b be ((-1210)/y)/((-1)/(-1)). Suppose 0*o - o + t + b = 0, -4*o - 3*t + 933 = 0. Is o a prime number?
False
Let u = 778 + 67. Is 6/(-24) - u/(-4) composite?
False
Let n = 23 - 19. Suppose -n*q = -j - 19, -3*j - 3*q = -j - 6. Let g(m) = -5*m**3 - 4*m**2 - 4. 